54
Calculate the remainder when 617 is divided by 333.
284
Calculate the remainder when 569 is divided by 30.
29
Calculate the remainder when 451 is divided by 12.
7
What is the remainder when 119 is divided by 32?
23
Calculate the remainder when 1372 is divided by 234.
202
Calculate the remainder when 2334 is divided by 57.
54
What is the remainder when 31 is divided by 9?
4
What is the remainder when 310 is divided by 149?
12
Calculate the remainder when 150 is divided by 35.
10
What is the remainder when 2372 is divided by 2367?
5
What is the remainder when 114 is divided by 28?
2
What is the remainder when 95 is divided by 23?
3
Calculate the remainder when 212 is divided by 107.
105
Calculate the remainder when 43 is divided by 16.
11
Calculate the remainder when 188 is divided by 67.
54
What is the remainder when 787 is divided by 58?
33
What is the remainder when 2781 is divided by 199?
194
What is the remainder when 267 is divided by 22?
3
Calculate the remainder when 66 is divided by 42.
24
Calculate the remainder when 98 is divided by 7.
0
Calculate the remainder when 413 is divided by 35.
28
What is the remainder when 761 is divided by 59?
53
Calculate the remainder when 785 is divided by 164.
129
Calculate the remainder when 1004 is divided by 24.
20
What is the remainder when 1284 is divided by 41?
13
What is the remainder when 31417 is divided by 13?
9
Calculate the remainder when 358 is divided by 161.
36
What is the remainder when 418 is divided by 7?
5
What is the remainder when 30 is divided by 25?
5
Calculate the remainder when 2163 is divided by 35.
28
What is the remainder when 1238 is divided by 62?
60
Calculate the remainder when 287 is divided by 73.
68
Calculate the remainder when 4456 is divided by 93.
85
Calculate the remainder when 2936 is divided by 327.
320
Calculate the remainder when 3898 is divided by 15.
13
What is the remainder when 1522 is divided by 127?
125
Calculate the remainder when 145 is divided by 37.
34
Calculate the remainder when 8024 is divided by 1603.
9
Calculate the remainder when 25 is divided by 3.
1
Calculate the remainder when 262 is divided by 47.
27
Calculate the remainder when 96 is divided by 22.
8
Calculate the remainder when 949 is divided by 17.
14
What is the remainder when 428 is divided by 11?
10
Calculate the remainder when 892 is divided by 247.
151
What is the remainder when 463 is divided by 46?
3
What is the remainder when 76 is divided by 13?
11
Calculate the remainder when 1352 is divided by 38.
22
Calculate the remainder when 164 is divided by 162.
2
Calculate the remainder when 164 is divided by 155.
9
Calculate the remainder when 20 is divided by 6.
2
What is the remainder when 1991 is divided by 35?
31
Calculate the remainder when 239 is divided by 24.
23
What is the remainder when 17403 is divided by 76?
75
Calculate the remainder when 55 is divided by 47.
8
What is the remainder when 1047 is divided by 243?
75
What is the remainder when 58 is divided by 5?
3
What is the remainder when 30 is divided by 28?
2
What is the remainder when 1079 is divided by 15?
14
What is the remainder when 1883 is divided by 147?
119
Calculate the remainder when 91 is divided by 23.
22
What is the remainder when 607 is divided by 118?
17
Calculate the remainder when 218 is divided by 13.
10
What is the remainder when 70 is divided by 47?
23
Calculate the remainder when 252 is divided by 11.
10
Calculate the remainder when 1023 is divided by 11.
0
What is the remainder when 180 is divided by 17?
10
What is the remainder when 1649 is divided by 11?
10
Calculate the remainder when 51 is divided by 49.
2
What is the remainder when 672 is divided by 75?
72
Calculate the remainder when 994 is divided by 199.
198
What is the remainder when 912 is divided by 303?
3
Calculate the remainder when 533 is divided by 6.
5
Calculate the remainder when 1089 is divided by 2.
1
Calculate the remainder when 222 is divided by 39.
27
What is the remainder when 4668 is divided by 9?
6
Calculate the remainder when 128 is divided by 22.
18
Calculate the remainder when 225 is divided by 57.
54
What is the remainder when 152 is divided by 29?
7
What is the remainder when 1352 is divided by 346?
314
What is the remainder when 330 is divided by 46?
8
What is the remainder when 330 is divided by 27?
6
What is the remainder when 564 is divided by 82?
72
Calculate the remainder when 269 is divided by 65.
9
Calculate the remainder when 44 is divided by 20.
4
Calculate the remainder when 263 is divided by 6.
5
Calculate the remainder when 353 is divided by 18.
11
Calculate the remainder when 215 is divided by 56.
47
What is the remainder when 11 is divided by 2?
1
Calculate the remainder when 623 is divided by 130.
103
Calculate the remainder when 144 is divided by 49.
46
What is the remainder when 752 is divided by 42?
38
Calculate the remainder when 2035 is divided by 6.
1
What is the remainder when 3223 is divided by 13?
12
What is the remainder when 325 is divided by 105?
10
Calculate the remainder when 61 is divided by 18.
7
Calculate the remainder when 1126 is divided by 78.
34
What is the remainder when 154 is divided by 40?
34
What is the remainder when 1511 is divided by 290?
61
What is the remainder when 314 is divided by 14?
6
What is the remainder when 2693 is divided by 38?
33
What is the remainder when 10414 is divided by 112?
110
Calculate the remainder when 60 is divided by 18.
6
What is the remainder when 6990 is divided by 184?
182
Calculate the remainder when 1883 is divided by 29.
27
What is the remainder when 1272 is divided by 19?
18
Calculate the remainder when 96 is divided by 33.
30
What is the remainder when 2266 is divided by 81?
79
What is the remainder when 47 is divided by 14?
5
What is the remainder when 134 is divided by 46?
42
What is the remainder when 4299 is divided by 33?
9
Calculate the remainder when 332 is divided by 141.
50
What is the remainder when 130 is divided by 97?
33
What is the remainder when 32887 is divided by 19?
17
Calculate the remainder when 387 is divided by 134.
119
What is the remainder when 1150 is divided by 44?
6
Calculate the remainder when 169 is divided by 7.
1
What is the remainder when 213 is divided by 108?
105
Calculate the remainder when 48 is divided by 19.
10
What is the remainder when 5865 is divided by 90?
15
What is the remainder when 357 is divided by 36?
33
What is the remainder when 463 is divided by 58?
57
Calculate the remainder when 346 is divided by 21.
10
What is the remainder when 1408 is divided by 469?
1
What is the remainder when 51 is divided by 5?
1
What is the remainder when 225 is divided by 56?
1
Calculate the remainder when 354 is divided by 51.
48
Calculate the remainder when 390 is divided by 220.
170
Calculate the remainder when 145 is divided by 64.
17
Calculate the remainder when 929 is divided by 92.
9
What is the remainder when 66 is divided by 9?
3
What is the remainder when 100 is divided by 92?
8
What is the remainder when 222 is divided by 54?
6
What is the remainder when 1361 is divided by 336?
17
What is the remainder when 244 is divided by 52?
36
What is the remainder when 6301 is divided by 39?
22
Calculate the remainder when 213 is divided by 106.
1
What is the remainder when 665 is divided by 66?
5
What is the remainder when 1264 is divided by 59?
25
Calculate the remainder when 152 is divided by 7.
5
What is the remainder when 1003 is divided by 100?
3
Calculate the remainder when 266 is divided by 74.
44
Calculate the remainder when 699 is divided by 171.
15
Calculate the remainder when 693 is divided by 58.
55
Calculate the remainder when 647 is divided by 8.
7
What is the remainder when 365 is divided by 37?
32
Calculate the remainder when 251 is divided by 6.
5
What is the remainder when 280 is divided by 36?
28
What is the remainder when 82 is divided by 28?
26
What is the remainder when 4319 is divided by 862?
9
What is the remainder when 143 is divided by 38?
29
What is the remainder when 62 is divided by 17?
11
What is the remainder when 681 is divided by 171?
168
What is the remainder when 160 is divided by 25?
10
Calculate the remainder when 441 is divided by 429.
12
What is the remainder when 34